 477. Let d be c(-13). What is the highest common factor of d and r?
45
Let b(u) = 13*u + 158. Suppose -4*m - 63 = -5*p, 5*m + 3*p + 54 = p. Let r be b(m). Calculate the greatest common factor of 27 and r.
1
Let a = -56 + 166. Let j = 41 - 32. Let c be (-2)/(-3) - -14*6/j. Calculate the highest common divisor of c and a.
10
Let u = 1374 - 2120. Let n = u - -836. Suppose -2*o + 225 = 3*o. What is the greatest common divisor of n and o?
45
Let o(a) = -7*a - 5. Let f be o(-8). Let k = 141 - 110. Suppose -k*c + 34 = -30*c. What is the highest common factor of f and c?
17
Let i(h) = -49 - 6*h - 48 + 90. Let g be i(6). Let s = g - -69. Calculate the greatest common divisor of s and 65.
13
Let r be 9*((-6)/36 + (-1)/(-2))*30. Calculate the greatest common factor of 5130 and r.
90
Suppose o + r + 1 = 26, -4*r = -4*o + 92. Let a = -109 + 69. Let b be a/2*(-12)/20. What is the highest common factor of o and b?
12
Let g = 272081 + -271993. Let z(o) = -o**3 - 5*o**2 - o - 3. Let c be z(-5). Let p be c*(1 - 18/(-4)). Calculate the greatest common factor of p and g.
11
Let i be (165/(-10))/(1 - -3 - 9563/2336). What is the greatest common factor of i and 144?
16
Let y = 74 + -73. Let s(j) = -7*j - 157. Let v be s(-24). Calculate the highest common factor of y and v.
1
Suppose -36 = -2*x + 3*x. Let y = x - -80. Suppose y*r - 42*r = 168. What is the highest common divisor of 56 and r?
28
Let d = -21936 - -22222. Calculate the highest common divisor of 182 and d.
26
Suppose -n - 2*v + 282 + 57 = 0, -982 = -3*n - v. Calculate the highest common divisor of 91 and n.
13
Let f = 54 + -54. Let l be f*(-4)/(-12)*-3. Suppose 5*i - 28 = -2*a, l*a - 21 = -a + i. Calculate the highest common divisor of a and 57.
19
Let g = 316 + -323. Let t be -48*1/(g/7). Calculate the highest common divisor of t and 16.
16
Let z(m) be the second derivative of 11*m**3/3 - 50*m**2 + 126*m. Let a be z(7). What is the highest common divisor of 756 and a?
54
Let s be 2 + (-6)/2 + 4. Let d(b) = -b**2 + 49*b - 90. Let a be d(47). Suppose -a*o + 31 = s*f, -o = f + f - 24. What is the highest common divisor of f and 91?
13
Let b be (1926/12)/(-5 - (7 + -9))*-10. Calculate the highest common factor of b and 3852.
107
Suppose 70*w - 3*w = 3*w + 960. Calculate the highest common factor of 4215 and w.
15
Let a be ((-6)/5)/((-6)/15). Let q(w) = w**3 + 56*w**2 + 208*w + 63. Let n be q(-52). What is the greatest common factor of a and n?
3
Let h(w) = 8*w - 23. Let c be h(10). Suppose 5*y = -5*b + 235, 0 = 2*b + 5*y - c - 34. Let x = 43 + b. Calculate the greatest common divisor of x and 13.
13
Let x be (-3)/(-2) + (-2970)/(-12). Suppose -2*b + 12 = 3*o + 27, 0 = 4*b + 2*o + 2. What is the greatest common factor of x and b?
3
Suppose 71 = 5*l - 44. Suppose -5*v + 199 = 2*y, -2*y - 2*v + 190 = -0*y. Calculate the highest common factor of l and y.
23
Let s = 1859 + -1803. Calculate the greatest common factor of 3388 and s.
28
Let d = -33 + 36. Let i be 1/(4*d/72). Suppose 0 = i*c - 2*c - 120. Calculate the greatest common divisor of 12 and c.
6
Let k = -28 + 27. Let q be (-4 - 6)/(k + 0). Suppose -4*h = -0*h - 280. Calculate the greatest common factor of h and q.
10
Suppose -f = -3*g + 64, 6*g = -0*g - 5*f + 100. What is the greatest common factor of g and 4780?
20
Suppose -24 = -0*z - 8*z. Let q be (z + -1)/(-13 + 11). Let v be 48 + (-4)/(q - -3). Calculate the highest common factor of 23 and v.
23
Let y(u) = -2*u**3 - 97*u**2 + 59*u + 568. Let h be y(-49). What is the greatest common divisor of h and 39?
39
Let p be 423*580/(-30)*(-6 + (-54)/(-12)). Calculate the greatest common factor of p and 522.
261
Let b(s) = 3*s**2 - 30*s - 60. Let d be b(14). Calculate the highest common factor of d and 1944.
108
Let n = 604 + -460. Let u be 11 + n/20 - 1/5. Suppose 2*a + 0 - 56 = 5*h, 2*a - 3*h - 48 = 0. What is the highest common factor of a and u?
18
Suppose 57*j = -36*j - 22658 + 88688. What is the highest common divisor of j and 30?
10
Let j be (-12)/(-8) - 49/(-2). Let q = -31250 - -31419. Calculate the greatest common divisor of j and q.
13
Let i(q) = 2*q**3 - 35*q**2 + 348*q - 8. Let w be i(10). Calculate the greatest common factor of w and 544.
68
Suppose 2*y - 9686 = -2*b, -4*y - 14533 = -7*y - 5*b. What is the highest common divisor of 282 and y?
47
Suppose -103 - 17 = -4*u. Suppose 21*r = 16*r + u. Calculate the greatest common factor of 16 and r.
2
Let b be (1245/1)/15 + -1*5. Let v = 88 - b. What is the highest common divisor of 1 and v?
1
Let k = 15469 + -14629. Calculate the greatest common divisor of k and 6888.
168
Suppose -64*p - 2208 = -72*p. Suppose -4*g + p = 4*v, g - 5*g = -v + 49. Calculate the greatest common factor of v and 13.
13
Suppose -1550 - 977 = -7*r. Calculate the greatest common divisor of r and 171.
19
Suppose 5*g = 5, 2*g - 718 = -44*c + 40*c. What is the highest common divisor of c and 5?
1
Let u(c) be the first derivative of -c**4/4 - 2*c**3 + 11*c**2/2 - 4*c + 25. Let w be u(-9). What is the highest common divisor of w and 14?
14
Let k(l) = 2*l - 6. Let c be k(4). Suppose 3 = o + c. Suppose 461*d - 209 + 197 = 449. What is the highest common factor of o and d?
1
Let w = -548 - -608. Let b be (w/(-18))/(5/(-102)). What is the highest common divisor of b and 374?
34
Let u(f) = -769*f - 4162. Let z be u(-8). What is the highest common divisor of 80 and z?
10
Suppose 0 = -2*p + 7*k + 17762, -p + 2*k - k = -8891. Calculate the highest common factor of 15 and p.
15
Suppose -431*j - 17403 = -32919. Suppose -o + 150 = -966. Calculate the greatest common divisor of o and j.
36
Let g(q) = -q**2 + 42*q + 28. Let n be g(7). What is the highest common factor of n and 2366?
91
Let q = 12 + 36. Let a = q - -194. Suppose u - 24 = -2. What is the highest common factor of u and a?
22
Suppose 21*a = 29*a - 216. Let t be 4 + (a/15)/(9/210). What is the greatest common divisor of t and 1058?
46
Suppose -16*t + 2820 = -220. Let q = t + 57. Calculate the greatest common factor of 26 and q.
13
Let h(w) = 44*w + 2. Let n be h(2). Let z(v) = -v**2 + 11*v - 16. Let a be z(7). Suppose 0 = -3*p + a + 3. What is the greatest common divisor of n and p?
5
Let a(l) = -6*l - 3. Let j be a(-1). Let q be (0*1/(-1))/(-1). Suppose -j*f + 6 + 24 = q. What is the greatest common factor of 110 and f?
10
Suppose -828 = -m - 5*t, 74*t - 20 = 69*t. Let l = -757 + m. What is the highest common divisor of 1479 and l?
51
Let b = -1996 - -2521. What is the greatest common divisor of b and 21?
21
Let f = 1 + 0. Let a = 150 - 131. Let o = 25 - a. Calculate the highest common factor of o and f.
1
Let f = -234 + 241. Let r(b) = -b**3 + 11*b**2 - 15*b - 2. Let g be r(f). Calculate the highest common divisor of 267 and g.
89
Let v be (-4)/(-6)*36*(-14)/(-8). Suppose -2*t + 8 = -10. Suppose -5*d + t*d = 252. What is the highest common factor of d and v?
21
Suppose -y = 5*d - 930, 2*d + 6*y - 372 = 3*y. What is the greatest common factor of 150 and d?
6
Suppose 2*d + 3*o - 3258 = 0, -12*d + 2*o = -13*d + 1626. Calculate the highest common factor of d and 52.
26
Let l be 158/6 - ((-140)/30)/(-14). Let c be 12/8*32/12. Let q be c/12 + (-388)/(-6). What is the greatest common divisor of q and l?
13
Suppose 1006 = -122*l + 6228 + 3196. What is the highest common divisor of 7107 and l?
69
Suppose 3*h = -18, -60 - 6 = -r + 2*h. What is the highest common divisor of 7506 and r?
54
Let l(d) = 4*d**3 + 4*d**2 + 3*d + 1. Let c be l(-2). Let p be 140/c - -5 - 95/(-3). Calculate the highest common divisor of 10 and p.
10
Suppose -2*v + 2*n = -8926, -3*n = 45*v - 46*v + 4469. What is the highest common factor of v and 40?
20
Suppose -7*v + 3*v = 0. Suppose v = s - 9 - 6. Let b be 36/4 + -1 + -2. What is the greatest common factor of b and s?
3
Let u = -5724 - -5813. What is the greatest common factor of 5963 and u?
89
Let z = -702 + 1312. Let w = z + -306. What is the greatest common divisor of 16 and w?
16
Suppose 1790 - 6110 = -24*f. Let p be (10/(-9))/((-15)/f)*3. Suppose -5*t + 2*t + 15 = 0. Calculate the highest common divisor of p and t.
5
Let b(k) = -k**3 - k + 14. Let i be b(0). Let p = i + -11. Let l be ((-10)/(-35))/(p/84). What is the highest common factor of l and 72?
8
Let n(a) = -319*a**3 - 30*a**2 - 84*a - 5. Let b be n